uppose 2*w + n*w = 48. Suppose p = -p + w. List the prime factors of p.
2, 3
Let b be (0 + 0 - 0) + 4. What are the prime factors of b/(-6) - (-138)/18?
7
Suppose 31 = l + 94. List the prime factors of (2/(-3))/(7/l).
2, 3
Suppose 0*f = 4*o + 5*f + 25, -20 = 3*o + 4*f. Suppose 4*y = -o*y + 160. List the prime factors of y.
2, 5
Suppose 2*d + 273 = 5*d. Suppose 323 = 4*h + d. What are the prime factors of h?
2, 29
Suppose 2*m - 3 = -6*w + 3*w, 3*w + 5*m - 3 = 0. Let c be w/((3/9)/1). Let t = c - 0. What are the prime factors of t?
3
What are the prime factors of (4 - 5 - -327)/2?
163
Let t(h) = -h + 7. Let s be t(4). Let n = s - 4. List the prime factors of 2/(n + -1) + 4.
3
Let m = 6 + -3. Suppose -m*g + 104 = g. What are the prime factors of g?
2, 13
Let k(o) = -o**3 + 7*o**2 + 8*o + 5. Suppose -21 - 3 = -3*p. Let s be k(p). List the prime factors of 10/(-25) + 42/s.
2
Let g(z) = -z**2 - 7*z. Let p(w) = w**2 + 7*w + 6. Let a be p(-4). Let x be g(a). Suppose x + 10 = 4*s. List the prime factors of s.
2
Let b(x) be the second derivative of 3*x**3/2 + x**2 + 3*x. Let d be b(3). Suppose n + 9 - d = 0. List the prime factors of n.
2, 5
Let g(k) = 5*k - 2. Let a be g(1). Suppose -5*m - a*v = -155, -5*m - 3*v + 155 = v. List the prime factors of m.
31
Suppose 4 = 2*k - 0. Let s = k - -24. List the prime factors of s.
2, 13
Suppose 9 = 3*t - 12. List the prime factors of (t + -3 - -3)*1.
7
What are the prime factors of 137 + (-2 + 2/1)/1?
137
Let u(v) be the first derivative of -v**4/4 - 2*v**3/3 + v**2/2 - 2*v + 2. Let p(x) = x + 6. Let y be p(-9). List the prime factors of u(y).
2
Let v = -68 + 42. What are the prime factors of v/2*-3 + -3?
2, 3
Let b(s) = s + 2. Let p be b(0). Let k(g) = 4*g - g - p*g + 1. What are the prime factors of k(4)?
5
Suppose -z + 5*q + 367 = 2*z, -4*z + 5*q = -496. List the prime factors of z.
3, 43
Suppose 0 = v + 4. List the prime factors of v/10 + 285/25.
11
Let c be (2 + -20)/3 - 0. List the prime factors of (-6)/((c/(-9))/(-1)).
3
Suppose 4*l - c = 85, 4*c - 3 = -7. Let j be (-6)/(-21) - (-1506)/l. Suppose g - 3*s - 18 = -8*s, -4*g + j = -4*s. List the prime factors of g.
2, 3
What are the prime factors of 4 - (-40 + (-6 - -2))?
2, 3
Let a(m) = -6*m - 6. Let q be a(-4). Suppose -2*z + q = z. Suppose 3*k = f - z*f + 37, 2*f - 3*k = -2. What are the prime factors of f?
5
List the prime factors of -2 - (-5 - -2) - -93.
2, 47
Let t be ((-100)/(-6))/(-5)*-3. Suppose 3*a = -145 + t. Let d = -26 - a. What are the prime factors of d?
19
Let u = -2 + 1. Let t be (8/(-20))/((-2)/5). List the prime factors of (t + u)/1 - -9.
3
Let m = -3 - -9. Suppose j + 0 = m. Let h(w) = -w**2 + 6*w + 8. What are the prime factors of h(j)?
2
Let y = 54 - 29. What are the prime factors of y?
5
Let n(h) = h + 56. What are the prime factors of n(0)?
2, 7
Suppose -3*q - 4*l + 2*l + 4 = 0, -l + 1 = q. What are the prime factors of q?
2
Suppose 3*q - q - 14 = 0. Let o = 11 - q. List the prime factors of o.
2
Let q = -1 + 4. Suppose -q*p + 49 = 2*b, -2*p + 3*b = -b - 38. What are the prime factors of p?
17
Let n(h) = h**3 + 7*h**2 + 4*h + 6. List the prime factors of n(-6).
2, 3
Let k be 0 - (-6 + -3 + 2). Suppose t + s = k + 1, -4*t = 5*s - 35. What are the prime factors of t?
5
Let t(n) = -n**2 + 10*n - 8 - 2 + 4*n. What are the prime factors of t(13)?
3
Let k(w) = w**2 + 7*w + 2. Let d be k(-7). What are the prime factors of (d/6)/((-5)/(-135))?
3
Suppose z - d - 2 = 26, 2*z = 5*d + 50. What are the prime factors of z?
2, 3, 5
Let v = -8 - 0. Suppose -16 = -0*z + 4*z. List the prime factors of v/4 - 3*z.
2, 5
Let a = -12 - -6. What are the prime factors of ((-2)/a)/(1/21)?
7
Let l(y) = y**2 + 3*y + 3. Let g be l(-2). Suppose 0 = -5*v - g + 6. What are the prime factors of v - 0 - (-1 - 6)?
2
Suppose 3*k - 5*f + 9 - 47 = 0, -16 = -k + 5*f. Let a = k + -3. What are the prime factors of a?
2
Let d(u) = 6*u**2 - 6*u - 4. What are the prime factors of d(5)?
2, 29
Let j = -11 - -22. Let v be -2*j*(-1)/1. Suppose 4*x - 2*x - v = 0. List the prime factors of x.
11
Let u = 29 + -9. Let a = u + -10. What are the prime factors of a?
2, 5
Suppose -57 = -s + 5*p - 12, 0 = s + 3*p - 77. List the prime factors of s.
5, 13
Let r(x) = x**2 + x + 4. Let v be -3*(0 - (-2)/2). Let t(w) = -2*w - 3. Let u be t(v). What are the prime factors of r(u)?
2
Suppose -n - 506 = 3*d, -8*d + 3*n = -3*d + 848. List the prime factors of 6/27 - d/9.
19
Let i(p) = p**3 + 6*p**2 - 8*p - 4. Let m be i(-7). What are the prime factors of (15 + -6)*(m - 1)?
2, 3
Let d be 1/(3 + 20/(-7)). What are the prime factors of ((-100)/35)/((-2)/d)?
2, 5
Let s(d) = d**3 - 5*d**2 - 5*d - 5. Let t be s(6). Suppose 2*x = x - t. What are the prime factors of (-20)/(-8) - x/2?
3
Suppose -4*x = -5*z + 214, 4*x = -2*z + z + 62. List the prime factors of z.
2, 23
Let l(g) = 2*g**2 + 3*g - 3. Let d be l(-3). Let w be 2/d - 16/(-6). Suppose i - 7*u - 9 = -3*u, w*i - u - 16 = 0. List the prime factors of i.
5
Let b(l) = l**2 - 3*l. List the prime factors of b(8).
2, 5
Let a = 489 - 298. What are the prime factors of a?
191
Suppose -9 = -3*z - 0*z. Suppose -p + z*u + 36 = 0, 3*p - 4*u = 2*p + 39. What are the prime factors of p?
3
Suppose -w + 4*w = -5*q + 9, 39 = 3*w - 5*q. List the prime factors of w.
2
Suppose -o = 4*o - 55. List the prime factors of o.
11
Let q(h) = h**2 + 3*h - 8. Let x be q(-6). Suppose -13*r = -x*r - 69. List the prime factors of r.
23
Let g(p) = 16*p. Let w be ((-35)/(-10))/(1/(-2)). Let i be (0 - 5)*w/35. List the prime factors of g(i).
2
Suppose 0 = -4*o, 2*t - 2*o - 1 = 3. Let n(k) = k**3 + k**2 - k + 1. What are the prime factors of n(t)?
11
Suppose 0 = -5*y - 2*r + 25, 2*r - 15 = -4*y + 7. Suppose h = 3*p - y*h + 28, 4*p + 3*h = -54. Let b = -3 - p. What are the prime factors of b?
3
Suppose -2*p + 3*x = 8, 2 = 4*p + 3*x - 0. List the prime factors of p - (2/1 + -13).
2, 5
Suppose -j + 2*j - 137 = 0. What are the prime factors of j?
137
Suppose -5*m + 5*c = 230, -5*c = -4*m + 3*m - 38. Let w = 80 + m. List the prime factors of w.
2
Let k be (-5)/10 + (-21)/2. Let j(r) = -r**3 + 4*r**2 - 5*r + 5. Let c be j(4). Let w = k - c. List the prime factors of w.
2
Let w = 60 + -27. What are the prime factors of w?
3, 11
Suppose -m + 0*m = 4*r - 680, -2*m = 4*r - 684. What are the prime factors of r?
13
Let n(m) = m**3 - 5*m**2 + 6*m - 6. Let a be n(4). Suppose 5*l = 20, 0 = -c + l - a*l + 7. List the prime factors of c.
3
Let k = -9 - -6. Let i = 5 - k. List the prime factors of i.
2
Let v(n) = n**3 + 5*n**2 + 3*n + 1. Let d(j) = -j**2 - 13*j - 2. Let g be d(-13). List the prime factors of v(g).
7
Suppose -5 = 5*g - 7*i + 2*i, 17 = -5*g - i. Let z be 9*-4*4/24. Let a = g - z. List the prime factors of a.
3
Let a(f) = -f**2 - 4*f. Let u be a(-3). Let o(p) = 2*p**2 - 2*p + 4. What are the prime factors of o(u)?
2
Suppose 100 = -2*x + 6*x. What are the prime factors of x?
5
Suppose 3*b - b = -14. Let q = -3 - b. Let n = q - 1. What are the prime factors of n?
3
Suppose 3*v + 2*d - 1 = 8, -8 = 4*v - 4*d. Let g(o) = -3 + 2*o + o**3 + 5*o**2 + 0*o + v. List the prime factors of g(-3).
2, 5
What are the prime factors of 3*-1 - (-70)/10?
2
Let x = -8 - -66. Let i = -40 + x. What are the prime factors of i?
2, 3
Let o be 10/2 + 0/1. Let u = 8 - o. List the prime factors of u.
3
Let y(i) = -i**3 - 4*i**2 + 4*i + 6. What are the prime factors of y(-6)?
2, 3
Let h be 1*2 - (-7 + 13). Let s = h - -9. Suppose -2*t + 4*i = -28, 4*t - s = i + 23. What are the prime factors of t?
2, 3
Let y = 14 - 6. Suppose 5*j - 53 = -y. List the prime factors of j.
3
Suppose 5*a - 818 = 242. What are the prime factors of a?
2, 53
Suppose -7*c + 2*c + 50 = 0. Suppose -3*t = 7*v - 2*v - 15, -2*t + 2*v + c = 0. What are the prime factors of t?
5
Suppose 0 = -5*d + 4*l - 2, 0*l - 3*l = 6. Let h = 3 - d. List the prime factors of 27/(-2 + h) + 3.
2, 3
Let q(r) = r**3 + 8*r**2 + 8*r + 5. Let l be q(-7). What are the prime factors of 897/65 + l/(-10)?
2, 7
Let t(q) = q**3 - 8*q**2 + 7*q. Let r be t(7). Let z(v) = -15*v + v + 6*v + 7*v + 5. List the prime factors of z(r).
5
Let k(a) be the second derivative of -a**4/12 + 3*a**3/2 + 3*a**2 - 2*a. What are the prime factors of k(7)?
2, 5
List the prime factors of (-399)/(-